022102
In base 4, what is 2310021232 - 2301?
2310012331
In base 16, what is 12d9 - -11795?
12a6e
In base 11, what is 1351132 + 14?
1351146
In base 11, what is 630 + 8333?
8963
In base 6, what is 1533550332 + 2?
1533550334
In base 5, what is -1220041200 + 3?
-1220041142
In base 8, what is 47 - 46374547?
-46374500
In base 6, what is 1421 - 1111345?
-1105524
In base 12, what is 3 + -11969207?
-11969204
In base 7, what is -40016 + -155603?
-225622
In base 8, what is 34034160 - -1?
34034161
In base 10, what is 2 + 10951208?
10951210
In base 3, what is -112012211 - -2011210?
-110001001
In base 13, what is -20557562 + 4?
-2055755b
In base 11, what is -15007899 + -4?
-150078a2
In base 2, what is -101 - 10110110101001010100111?
-10110110101001010101100
In base 6, what is 15511422510 - 5?
15511422501
In base 16, what is -215955 + 16?
-21593f
In base 12, what is -10a9 - -13268?
1217b
In base 13, what is -39524 + -23c1?
-3b915
In base 6, what is 4 - 454421502?
-454421454
In base 6, what is -13221 + -3253?
-20514
In base 13, what is 0 + 212260a1?
212260a1
In base 7, what is 433450 - 6606?
423541
In base 10, what is 62 - 19726?
-19664
In base 4, what is -3112110 + 222?
-3111222
In base 2, what is -1000011110010100110000000 - 101?
-1000011110010100110000101
In base 2, what is 11010101 - 101100101101001?
-101100010010100
In base 4, what is 111133 + -11200323?
-11023130
In base 15, what is 1718 - 164?
15a4
In base 3, what is -11102010 - -20011211111?
20000102101
In base 11, what is -4a483 + -1185?
-50658
In base 13, what is -3 - -630bc907?
630bc904
In base 13, what is -4 - 755c29?
-755c30
In base 9, what is 2512 - -373543?
376155
In base 4, what is -1320231322 - 2?
-1320231330
In base 7, what is -4 + 555613?
555606
In base 2, what is 11110100101010111001101001000 - 0?
11110100101010111001101001000
In base 6, what is -23134353 - 20?
-23134413
In base 4, what is -1022322 + -1031313?
-2120301
In base 2, what is 0 - -100111010011100001100?
100111010011100001100
In base 15, what is -c - 468c73?
-468c80
In base 16, what is -72a8 + 2fa?
-6fae
In base 4, what is -123221023310133 - 1?
-123221023310200
In base 6, what is -1542243325 + 10?
-1542243315
In base 5, what is 4401 + 3343322?
3403223
In base 6, what is -315352411 + -32?
-315352443
In base 2, what is -1000 + -10011101110000010101?
-10011101110000011101
In base 11, what is 5885 + -1?
5884
In base 8, what is 13 + 1701153?
1701166
In base 8, what is 63 - 127713223?
-127713140
In base 14, what is -1 - d0c168b?
-d0c168c
In base 8, what is -126173334 + 1?
-126173333
In base 3, what is 2020 - 1022012012200?
-1022012010110
In base 16, what is 17a99 + -62?
17a37
In base 16, what is -5908 - fa7?
-68af
In base 7, what is -450211 + 652?
-446226
In base 16, what is -4685c + -77?
-468d3
In base 10, what is -3670 + -22206?
-25876
In base 12, what is 9b6 - -9a62?
a858
In base 10, what is -78 - -808999?
808921
In base 11, what is 115990383 + -4?
11599037a
In base 3, what is -22110121 - 11110202012?
-11210012210
In base 4, what is 22031030121 - 2023?
22031022032
In base 15, what is -4 - -1d60a7a?
1d60a76
In base 6, what is 123211452 - 102?
123211350
In base 16, what is -235921f9 + -2?
-235921fb
In base 14, what is -306180 - 12?
-306192
In base 14, what is -4 - 2abd051?
-2abd055
In base 9, what is 114415 - -10816?
125332
In base 16, what is -1d - -1f234c?
1f232f
In base 14, what is 1c51960 - 5b?
1c51903
In base 9, what is -236048631 + -2?
-236048633
In base 5, what is -1114030132 + -3?
-1114030140
In base 14, what is -ab1235 + 10a?
-ab1129
In base 16, what is -72 + 16e201?
16e18f
In base 14, what is -26d4131 + -a?
-26d413b
In base 16, what is -134464 + 3b?
-134429
In base 2, what is 101111101000000111110110 + -1?
101111101000000111110101
In base 11, what is 1a9 - 202670?
-202472
In base 5, what is 12132442113 + -3?
12132442110
In base 6, what is 1035 + -14144?
-13105
In base 16, what is -2 - 5b70be?
-5b70c0
In base 11, what is -542aa87 - -3?
-542aa84
In base 8, what is -11 + 3730512?
3730501
In base 16, what is 1 + -30c76?
-30c75
In base 15, what is 4 + 5244651?
5244655
In base 10, what is -11676680 - -5?
-11676675
In base 16, what is -7ae9bd - b?
-7ae9c8
In base 15, what is -6 - 226a7e?
-226a85
In base 7, what is 163 - -244361?
244554
In base 12, what is -196092 - 2?
-196094
In base 10, what is 2 - -332578?
332580
In base 3, what is 102100011222 + 2?
102100012001
In base 8, what is -756113 - 15?
-756130
In base 13, what is b92202 - -11?
b92213
In base 10, what is 4108252 + 3?
4108255
In base 14, what is -82 - -b268c?
b260a
In base 2, what is 100100010100011010 + -101001011?
100100001111001111
In base 10, what is -205 + 5710?
5505
In base 15, what is 11d7 + -4e65e?
-4d477
In base 11, what is -1614 - 12127?
-13740
In base 12, what is -1353 + -7381?
-8714
In base 12, what is -190 + -12127?
-122b7
In base 10, what is 3385987 - 6?
3385981
In base 5, what is -13012231 + -332?
-13013113
In base 6, what is 2130 - -424241?
430411
In base 3, what is 1101011111022 - 22000?
1101011012022
In base 16, what is d97073 - 16?
d9705d
In base 8, what is -1 - 52600443?
-52600444
In base 13, what is -249cc6c64 - -5?
-249cc6c5c
In base 3, what is -110221220211 - -110020?
-110221110121
In base 2, what is -1111011010 + -11000100101001?
-11010100000011
In base 7, what is 5 + -3003533332?
-3003533324
In base 4, what is 113313 - 103212?
10101
In base 16, what is -2efa2 - 88?
-2f02a
In base 10, what is -225510620 + -3?
-225510623
In base 16, what is 979 + 14e8?
1e61
In base 10, what is -16 + 937991?
937975
In base 4, what is -21 + -213101?
-213122
In base 5, what is 14210234041 - 2?
14210234034
In base 5, what is 10 - 442444012420?
-442444012410
In base 2, what is -100111011001011011111001 - -100?
-100111011001011011110101
In base 14, what is -189ca76 + 16?
-189ca60
In base 11, what is 36530 - -7a?
365aa
In base 12, what is b1 - -252363?
252454
In base 16, what is -f1bd1d - -6?
-f1bd17
In base 11, what is -827 - 369?
-1095
In base 13, what is 156c8c80 - -6?
156c8c86
In base 15, what is -aa + ca7a9?
ca6ee
In base 5, what is 120434102032 + -2?
120434102030
In base 2, what is 1000001001110100101001101111 - -10?
1000001001110100101001110001
In base 4, what is -203232213222332 + 0?
-203232213222332
In base 2, what is -111010000000111001001111101 - -101?
-111010000000111001001111000
In base 11, what is -91818660 + 1?
-9181865a
In base 13, what is -187844 - 4?
-187848
In base 15, what is -b99e + -cdd?
-c78c
In base 8, what is 5673 + -3543?
2130
In base 15, what is bb62bc - -2?
bb62be
In base 7, what is -1042062 - 160?
-1042252
In base 13, what is 2b5 - -b72b?
ba13
In base 3, what is 0 - -22102101111202112?
22102101111202112
In base 10, what is -387 - 600024?
-600411
In base 15, what is -1bb4c - 103?
-1bc50
In base 4, what is 0 - 110130030130?
-110130030130
In base 10, what is -4 + -1669456?
-1669460
In base 3, what is 11221101201102022010 - 12?
11221101201102021221
In base 2, what is 1011101011010110000101 + -11?
1011101011010110000010
In base 16, what is -1b247f + -1?
-1b2480
In base 5, what is -323123 + 131224?
-141344
In base 8, what is 43257401 - 0?
43257401
In base 16, what is -5d467 - -9?
-5d45e
In base 8, what is -30375 - 2145?
-32542
In base 6, what is -155414412540 + -1?
-155414412541
In base 6, what is 5 - 205342240?
-205342231
In base 4, what is 0 + -1033103112010?
-1033103112010
In base 2, what is -11000010111 - 1100100001001?
-1111100100000
In base 9, what is 148831 - 223?
148607
In base 12, what is 16765 - -17?
16780
In base 9, what is 5 + 8860086?
8860102
In base 6, what is 23041154 - 1411?
23035343
In base 8, what is -23 + 2770003?
2767760
In base 2, what is 1000110100110 - 11001110?
1000011011000
In base 6, what is -34233 - -12240?
-21553
In base 15, what is 7bc6 - 1c01?
5ec5
In base 16, what is 50 + -e230?
-e1e0
In base 6, what is -1 + 215153221?
215153220
In base 12, what is -24 - -b0a79?
b0a55
In base 2, what is -101010101001100 + 1101010101?
-101000111110111
In base 8, what is 5 + -153072231?
-153072224
In base 2, what is 110011001100111111 + -10001000?
110011001010110111
In base 9, what is -62 - -2244474?
2244412
In base 6, what is -35054 + 2200?
-32454
In base 6, what is 1314445405 + -13?
1314445352
In base 6, what is -11443 - 50220?
-10